{"id":1225,"date":"2015-01-21T00:00:00","date_gmt":"2015-01-20T23:00:00","guid":{"rendered":"http:\/\/dev.cilsrbija.org\/balk_mreza_inv\/"},"modified":"2015-01-21T00:00:00","modified_gmt":"2015-01-20T23:00:00","slug":"balk_mreza_inv","status":"publish","type":"page","link":"https:\/\/www.cilsrbija.org\/en\/balk_mreza_inv\/","title":{"rendered":"balk_mreza_inv"},"content":{"rendered":"<h2>Balkanska nezavisna mre\u017ea u oblasti invalidnosti<\/h2>\n<p>Regionalni projekat &ldquo;Balkanska nezavisna mre\u017ea u oblasti invalidnosti&rdquo;, koji je podr\u017ean od strane programa Evropske komisije &#8211; EC Enlargement, sprovodi Agencija za saradnju, edukaciju i razvoj (ACED) kao vode&#263;i partner i nosilac aktivnosti za Bosnu i Hercegovinu u partnerstvu sa projektnim partnerom za Srbiju &#8211; Centrom za samostalni \u017eivot osoba sa invaliditetom Srbije (CS\u017d), projektnim partnerom za Crnu Goru &#8211; Savezom udru\u017eenja paraplegi&#269;ara Crne Gore (SUPCG) i projektnim partnerom za Makedoniju-Pokretom protiv invaliditeta (POLIO PLUS).<\/p>\n<p>Aktivnosti u okviru ovog jednogodi&scaron;njeg projekta koji &#263;e trajati izme&#273;u januara i decembra 2015. godine, &#263;e se sprovoditi u 4 zemlje Zapadnog Balkana &#8211; Bosni i Hercegovini, Srbiji, Crnoj Gori i Makedoniji.<\/p>\n<p>Op&scaron;ti cilj projekta je doprinos demokratskoj stabilizaciji i pridru\u017eivanju balkanskih zemalja EU kroz ja&#269;anje u&#269;e&scaron;&#263;a civilnog dru&scaron;tva u dono&scaron;enju odluka i politi&#269;kih procesa na svim nivoima vlasti.<\/p>\n<p>Specifi&#269;ni cilj projekta je ja&#269;anje operativnih kapaciteta Balkanske Nezavisne mre\u017ee u oblasti invalidnosti, kao nezavisne regionalne mre\u017ee organizacija osoba sa invaliditetom uspostavljene s ciljem da promovi&scaron;e i olak&scaron;a uklju&#269;enost invalidnosti u politike i prakse na nacionalnom i regionalnom nivou. <\/p>","protected":false},"excerpt":{"rendered":"<p>Balkanska nezavisna mre\u017ea u oblasti invalidnosti Regionalni projekat &ldquo;Balkanska nezavisna mre\u017ea u oblasti invalidnosti&rdquo;, koji je podr\u017ean od strane programa Evropske komisije &#8211; EC Enlargement, sprovodi Agencija za saradnju, edukaciju i razvoj (ACED) kao vode&#263;i partner i nosilac aktivnosti za Bosnu i Hercegovinu u partnerstvu sa projektnim partnerom za Srbiju &#8211; Centrom za samostalni \u017eivot [&hellip;]<\/p>","protected":false},"author":2,"featured_media":0,"parent":0,"menu_order":0,"comment_status":"closed","ping_status":"closed","template":"","meta":{"footnotes":""},"class_list":["post-1225","page","type-page","status-publish","hentry"],"_links":{"self":[{"href":"https:\/\/www.cilsrbija.org\/en\/wp-json\/wp\/v2\/pages\/1225","targetHints":{"allow":["GET"]}}],"collection":[{"href":"https:\/\/www.cilsrbija.org\/en\/wp-json\/wp\/v2\/pages"}],"about":[{"href":"https:\/\/www.cilsrbija.org\/en\/wp-json\/wp\/v2\/types\/page"}],"author":[{"embeddable":true,"href":"https:\/\/www.cilsrbija.org\/en\/wp-json\/wp\/v2\/users\/2"}],"replies":[{"embeddable":true,"href":"https:\/\/www.cilsrbija.org\/en\/wp-json\/wp\/v2\/comments?post=1225"}],"version-history":[{"count":0,"href":"https:\/\/www.cilsrbija.org\/en\/wp-json\/wp\/v2\/pages\/1225\/revisions"}],"wp:attachment":[{"href":"https:\/\/www.cilsrbija.org\/en\/wp-json\/wp\/v2\/media?parent=1225"}],"curies":[{"name":"wp","href":"https:\/\/api.w.org\/{rel}","templated":true}]}}

<h2>Balkanska nezavisna mreža u oblasti invalidnosti</h2>
<p>Regionalni projekat &ldquo;Balkanska nezavisna mreža u oblasti invalidnosti&rdquo;, koji je podržan od strane programa Evropske komisije &#8211; EC Enlargement, sprovodi Agencija za saradnju, edukaciju i razvoj (ACED) kao vode&#263;i partner i nosilac aktivnosti za Bosnu i Hercegovinu u partnerstvu sa projektnim partnerom za Srbiju &#8211; Centrom za samostalni život osoba sa invaliditetom Srbije (CSŽ), projektnim partnerom za Crnu Goru &#8211; Savezom udruženja paraplegi&#269;ara Crne Gore (SUPCG) i projektnim partnerom za Makedoniju-Pokretom protiv invaliditeta (POLIO PLUS).</p>
<p>Aktivnosti u okviru ovog jednogodi&scaron;njeg projekta koji &#263;e trajati izme&#273;u januara i decembra 2015. godine, &#263;e se sprovoditi u 4 zemlje Zapadnog Balkana &#8211; Bosni i Hercegovini, Srbiji, Crnoj Gori i Makedoniji.</p>
<p>Op&scaron;ti cilj projekta je doprinos demokratskoj stabilizaciji i pridruživanju balkanskih zemalja EU kroz ja&#269;anje u&#269;e&scaron;&#263;a civilnog dru&scaron;tva u dono&scaron;enju odluka i politi&#269;kih procesa na svim nivoima vlasti.</p>
<p>Specifi&#269;ni cilj projekta je ja&#269;anje operativnih kapaciteta Balkanske Nezavisne mreže u oblasti invalidnosti, kao nezavisne regionalne mreže organizacija osoba sa invaliditetom uspostavljene s ciljem da promovi&scaron;e i olak&scaron;a uklju&#269;enost invalidnosti u politike i prakse na nacionalnom i regionalnom nivou. </p>

<p>Balkanska nezavisna mreža u oblasti invalidnosti Regionalni projekat &ldquo;Balkanska nezavisna mreža u oblasti invalidnosti&rdquo;, koji je podržan od strane programa Evropske komisije &#8211; EC Enlargement, sprovodi Agencija za saradnju, edukaciju i razvoj (ACED) kao vode&#263;i partner i nosilac aktivnosti za Bosnu i Hercegovinu u partnerstvu sa projektnim partnerom za Srbiju &#8211; Centrom za samostalni život [&hellip;]</p>
