{"id":1216,"date":"2013-09-29T00:00:00","date_gmt":"2013-09-28T22:00:00","guid":{"rendered":"http:\/\/dev.cilsrbija.org\/prvo_obracanje\/"},"modified":"2013-09-29T00:00:00","modified_gmt":"2013-09-28T22:00:00","slug":"prvo_obracanje","status":"publish","type":"page","link":"https:\/\/www.cilsrbija.org\/en\/prvo_obracanje\/","title":{"rendered":"prvo_obracanje"},"content":{"rendered":"<h2>Prvo obra&#263;anje Gordane Rajkov Skup&scaron;tini Srbije 19.06.07.<\/h2>\n<div>\n<p>Po&scaron;tovani             gospodine potpredsedni&#269;e, uva\u017eene dame i gospodo narodni poslanici,<\/p>\n<p> pre svega bih u svom prvom obra&#263;anju ovom uva\u017eenom domu htela da             izrazim svoje zadovoljstvo &scaron;to je kona&#269;no jedna osoba sa te&scaron;kim invaliditetom             dobila &scaron;ansu da ravnopravno u&#269;estvuje u radu najvi&scaron;eg zakonodavnog             tela u dr\u017eavi.<br \/>             <a href=\"\/en\/slike\/gr_sk1.jpg\/\" target=\"_blank\" rel=\"noopener\"><img loading=\"lazy\" decoding=\"async\" src=\"slike\/gr_sk1m.jpg\" border=\"0\" alt=\"\" hspace=\"3\" vspace=\"1\" width=\"200\" height=\"150\" align=\"left\" \/><\/a> <\/p>\n<p> Naravno, to ne umanjuje nego samo uve&#263;ava moje strepnje prema izazovima             koji me, o&#269;ito &#269;ekaju u ovom poslu, ali nadam se da sam samo prva             lasta koja najavljuje prole&#263;e i da &#263;e u slede&#263;em mandatu vi&scaron;e osoba             sa invaliditetom imati ovu priliku. <\/p>\n<p> Javila sam se da bih rekla ne&scaron;to o polo\u017eaju osoba sa invaliditetom             u Srbiji i da uka\u017eem na neke dobre i mo\u017eda i ne toliko dobre strane             koje ovaj bud\u017eet predvidja. Siroma&scaron;tvo osoba sa invaliditetom, poznato             je, tri puta je ve&#263;e nego u ostaloj populaciji. Za to su brojni razlozi             u kojima se, pre svega, nalaze nedovoljno obrazovanje, nepristupa&#269;na             \u017eivotna sredina, nepristupa&#269;an transport, predrasude koje postoje             u dru&scaron;tvu. Sasvim je jasno da zbog toga ove osobe u skoro 90% slu&#269;ajeva             zavise od socijalnih transfera, a svega 13% osoba sa invaliditetom             u Srbiji je zaposleno. Od svih 13%, 10% radi u nevladinom sektoru,             a 3% u ostalim sektorima u dru&scaron;tvu. Stoga je jako va\u017eno da postoje             posebni programi i pozitivne mere koje bi doprinele unapredjenju             zapo&scaron;ljavanja osoba sa invaliditetom i, naravno, da postoji dobar             sistem informisanja, jer veliki broj njih o tim programima, zapravo,             ne zna dovoljno. <\/p>\n<p> Dobro je &scaron;to na&scaron;a dr\u017eava poslednjih godina menja svoj stav prema             osobama sa invaliditetom i donosi takve pozitivne mere, kakve su,             recimo bile mere poreske politike pro&scaron;le godine, koje su poslodavcima             davale olak&scaron;ice pri zapo&scaron;ljavanju osoba sa invaliditetom. One jesu             dale neke odredjene po&#269;etne rezultate. Bilo bi jako va\u017eno da se ove             godine takve tendencije nastave. U skladu sa svojim programskim opredeljenjima             stranka G17 plus &#263;e nastaviti da, u oblastima u kojima je preuzela             odgovornost, i dalje radi na stvaranju uslova za izjedna&#269;avanje polo\u017eaja             osoba sa invaliditetom. <\/p>\n<p> <a href=\"\/en\/slike\/gr_sk2.jpg\/\" target=\"_blank\" rel=\"noopener\"><img loading=\"lazy\" decoding=\"async\" src=\"slike\/gr_sk2m.jpg\" border=\"0\" alt=\"\" hspace=\"3\" vspace=\"1\" width=\"200\" height=\"150\" align=\"right\" \/><\/a>U oblasti zapo&scaron;ljavanja, koja je o&#269;ito jedna od najzna&#269;ajnijih,             dobro je da bud\u017eet predvidja podsticajne mere kod zapo&scaron;ljavanja osoba             sa invaliditetom, gde &#263;e se i dalje izdvajati zna&#269;ajna sredstva u             iznosu od 402 miliona za refundaciju dohodaka u preduze&#263;ima koja             zapo&scaron;ljavaju osobe sa invaliditetom i preko 300 miliona za njihovo             opremanje i pobolj&scaron;anje uslova rada. <\/p>\n<p> Takodje i u programu obuke ima oko 530 miliona dinara. Posebna             linija &#263;e se otvoriti za prekvalifikaciju i obuku osoba sa invaliditetom.             Ovo je jako zna&#269;ajno, jer pro&scaron;le godine, medju 117 osoba sa invaliditetom             koje su zaposlene preko Nacionalne slu\u017ebe za zapo&scaron;ljavanje, preko             50% njih imalo je samo osnovno obrazovanje ili nedovr&scaron;enu srednju             &scaron;kolu. Od tih 117 samo dve osobe su imale visoko obrazovanje i one             su zaposlene u Beogradu. Zbog toga je neobi&#269;no va\u017eno da ovakvi programi             postoje, da bi se ovi ljudi dodatno obu&#269;ili i da bi nau&#269;ili da prave             male biznis planove i da se otvori mogu&#263;nost samozapo&scaron;ljavanja osoba             sa invaliditetom i izlaska na otvoreno tr\u017ei&scaron;te, jer bi to moralo             biti na&scaron;a tendencija, a ne stalno za&scaron;ti&#263;eni uslovi \u017eivota i rada.             Stoga zapo&scaron;ljavanje osoba sa invaliditetom ne mo\u017ee da se posmatra             samo kao ekonomska komponenta, nego mora imati i svoj socijalni deo. <\/p>\n<p> Dobro je &scaron;to &#263;e se, barem tako pi&scaron;e, Ministarstvo sporta i mladih             usmeriti na finansiranje posebnih programa za masovni sport i sport             osoba sa invaliditetom ,ali je o&#269;ito, iako invalidnost kao fenomen             mora da se pro\u017eima kroz sve oblasti, dru&scaron;tva, pa tako da bude odgovornost             i svih ministarstava, jasno da neka od tih ministarstava predstavljaju             okosnicu ove politike, kao &scaron;to su oblasti prosvete, zapo&scaron;ljavanja,             ekonomije, zdravstva i socijalne politike. <\/p>\n<p> <a href=\"\/en\/slike\/gr_sk3.jpg\/\" target=\"_blank\" rel=\"noopener\"><img loading=\"lazy\" decoding=\"async\" src=\"slike\/gr_sk3m.jpg\" border=\"0\" alt=\"\" hspace=\"3\" vspace=\"0\" width=\"200\" height=\"150\" align=\"left\" \/><\/a>Stoga, u vezi sa ovim bud\u017eetom imam jednu nedoumicu i pitanje za             gospodina ministra, mogu&#263;e da, kao neko ko nema iskustva u ovom poslu,             nisam to dobro uspela da vidim, ali mi je nejasno za&scaron;to su sredstva             u dva bud\u017eetska fonda, u Fondu za unapredjenje polo\u017eaja osoba sa             invaliditetom i u Fondu za finansiranje socijalno-humanitarnih organizacija,             umanjena u odnosu na pro&scaron;lu godinu? Ovo ne bi trebalo da se dogadja             iz vi&scaron;e razloga, jer organizacije koje okupljaju osobe sa invaliditetom             ili roditelje osoba sa invaliditetom ,koje ne mogu sami sebe da zastupaju,             zna&#269;ajni nosioci i inicijatori svih projekata, programa za edukaciju,             za osposobljavanje za zapo&scaron;ljavanje osoba sa invaliditetom. Jedno             istra\u017eivanje, koje je upravo u toku, govori da 90% usluga socijalne             za&scaron;tite na lokalnom nivou provode organizacije osoba sa invaliditetom.             Zbog toga je neobi&#269;no va\u017eno da one tu svoju ulogu mogu da vr&scaron;e. <\/p>\n<p> Dodatno, va\u017ena stvar je &scaron;to su organizacije osoba sa invaliditetom             bile do sada, a i treba da nastave da budu i ubudu&#263;e, zna&#269;ajan partner             Vladi u kreiranju politike koja se ti&#269;e osoba sa invaliditetom. Nema             potreba da pominjem puno dokumenata, ali Zakon o spre&#269;avanju diskriminacije             osoba sa invaliditetom, koji je ova Skup&scaron;tina donela pro&scaron;le godina,             kao i Strategiju za unapredjenje polo\u017eaja osoba sa invaliditetom,             oba ova dokumenta doneta su uz vrlo aktivno u&#269;e&scaron;&#263;e organizacija osoba             sa invaliditetom. <\/p>\n<p> <a href=\"\/en\/slike\/gr_sk4.jpg\/\" target=\"_blank\" rel=\"noopener\"><img loading=\"lazy\" decoding=\"async\" src=\"slike\/gr_sk4m.jpg\" border=\"0\" alt=\"\" hspace=\"3\" vspace=\"1\" width=\"200\" height=\"150\" align=\"right\" \/><\/a>Ako se ova sredstva smanje, one ne&#263;e biti dalje u mogu&#263;nosti da             obavljaju svoju funkciju zagovaranja i zastupanja za kategoriju kojom             se bave i time &#263;e se umanjiti njihova uloga kao organizacija civilnog             dru&scaron;tva. To je posebno nelogi&#269;no u trenutku kada su pre &scaron;est meseci             Ujedinjene nacije donele u ovom veku prvu Konvenciju o pravima osoba             sa invaliditetom, u &#269;ijem je dono&scaron;enju Srbija kao dr\u017eava veoma aktivno             u&#269;estvovala i u trenutku kada se Vlada sprema da tu Konvenciju potpi&scaron;e.             Nadamo se da &#263;e ova Skup&scaron;tina naredne godine biti u prilici da razmatra             ratifikovanje ove Konvencije. <\/p>\n<p> Zato molim da se ovim organizacijama i dalje pru\u017ei podr&scaron;ka u organizacionom,             kadrovskom i ekonomskom smislu, da bi mogle svoju ulogu i dalje da             vr&scaron;e i da, zajedno sa svim ostalim gradjanima, poka\u017eemo da invalidnost             ne mora da bude teret za dru&scaron;tvo, nego mo\u017ee da bude investicija.             Hvala. <\/p>\n<\/p><\/div>","protected":false},"excerpt":{"rendered":"<p>Prvo obra&#263;anje Gordane Rajkov Skup&scaron;tini Srbije 19.06.07. Po&scaron;tovani gospodine potpredsedni&#269;e, uva\u017eene dame i gospodo narodni poslanici, pre svega bih u svom prvom obra&#263;anju ovom uva\u017eenom domu htela da izrazim svoje zadovoljstvo &scaron;to je kona&#269;no jedna osoba sa te&scaron;kim invaliditetom dobila &scaron;ansu da ravnopravno u&#269;estvuje u radu najvi&scaron;eg zakonodavnog tela u dr\u017eavi. Naravno, to ne umanjuje [&hellip;]<\/p>","protected":false},"author":2,"featured_media":0,"parent":0,"menu_order":0,"comment_status":"closed","ping_status":"closed","template":"","meta":{"footnotes":""},"class_list":["post-1216","page","type-page","status-publish","hentry"],"_links":{"self":[{"href":"https:\/\/www.cilsrbija.org\/en\/wp-json\/wp\/v2\/pages\/1216","targetHints":{"allow":["GET"]}}],"collection":[{"href":"https:\/\/www.cilsrbija.org\/en\/wp-json\/wp\/v2\/pages"}],"about":[{"href":"https:\/\/www.cilsrbija.org\/en\/wp-json\/wp\/v2\/types\/page"}],"author":[{"embeddable":true,"href":"https:\/\/www.cilsrbija.org\/en\/wp-json\/wp\/v2\/users\/2"}],"replies":[{"embeddable":true,"href":"https:\/\/www.cilsrbija.org\/en\/wp-json\/wp\/v2\/comments?post=1216"}],"version-history":[{"count":0,"href":"https:\/\/www.cilsrbija.org\/en\/wp-json\/wp\/v2\/pages\/1216\/revisions"}],"wp:attachment":[{"href":"https:\/\/www.cilsrbija.org\/en\/wp-json\/wp\/v2\/media?parent=1216"}],"curies":[{"name":"wp","href":"https:\/\/api.w.org\/{rel}","templated":true}]}}

<h2>Prvo obra&#263;anje Gordane Rajkov Skup&scaron;tini Srbije 19.06.07.</h2>
<div>
<p>Po&scaron;tovani             gospodine potpredsedni&#269;e, uvažene dame i gospodo narodni poslanici,</p>
<p> pre svega bih u svom prvom obra&#263;anju ovom uvaženom domu htela da             izrazim svoje zadovoljstvo &scaron;to je kona&#269;no jedna osoba sa te&scaron;kim invaliditetom             dobila &scaron;ansu da ravnopravno u&#269;estvuje u radu najvi&scaron;eg zakonodavnog             tela u državi.<br />             <a href="/en/slike/gr_sk1.jpg/" target="_blank" rel="noopener"><img loading="lazy" decoding="async" src="slike/gr_sk1m.jpg" border="0" alt="" hspace="3" vspace="1" width="200" height="150" align="left" /></a> </p>
<p> Naravno, to ne umanjuje nego samo uve&#263;ava moje strepnje prema izazovima             koji me, o&#269;ito &#269;ekaju u ovom poslu, ali nadam se da sam samo prva             lasta koja najavljuje prole&#263;e i da &#263;e u slede&#263;em mandatu vi&scaron;e osoba             sa invaliditetom imati ovu priliku. </p>
<p> Javila sam se da bih rekla ne&scaron;to o položaju osoba sa invaliditetom             u Srbiji i da ukažem na neke dobre i možda i ne toliko dobre strane             koje ovaj budžet predvidja. Siroma&scaron;tvo osoba sa invaliditetom, poznato             je, tri puta je ve&#263;e nego u ostaloj populaciji. Za to su brojni razlozi             u kojima se, pre svega, nalaze nedovoljno obrazovanje, nepristupa&#269;na             životna sredina, nepristupa&#269;an transport, predrasude koje postoje             u dru&scaron;tvu. Sasvim je jasno da zbog toga ove osobe u skoro 90% slu&#269;ajeva             zavise od socijalnih transfera, a svega 13% osoba sa invaliditetom             u Srbiji je zaposleno. Od svih 13%, 10% radi u nevladinom sektoru,             a 3% u ostalim sektorima u dru&scaron;tvu. Stoga je jako važno da postoje             posebni programi i pozitivne mere koje bi doprinele unapredjenju             zapo&scaron;ljavanja osoba sa invaliditetom i, naravno, da postoji dobar             sistem informisanja, jer veliki broj njih o tim programima, zapravo,             ne zna dovoljno. </p>
<p> Dobro je &scaron;to na&scaron;a država poslednjih godina menja svoj stav prema             osobama sa invaliditetom i donosi takve pozitivne mere, kakve su,             recimo bile mere poreske politike pro&scaron;le godine, koje su poslodavcima             davale olak&scaron;ice pri zapo&scaron;ljavanju osoba sa invaliditetom. One jesu             dale neke odredjene po&#269;etne rezultate. Bilo bi jako važno da se ove             godine takve tendencije nastave. U skladu sa svojim programskim opredeljenjima             stranka G17 plus &#263;e nastaviti da, u oblastima u kojima je preuzela             odgovornost, i dalje radi na stvaranju uslova za izjedna&#269;avanje položaja             osoba sa invaliditetom. </p>
<p> <a href="/en/slike/gr_sk2.jpg/" target="_blank" rel="noopener"><img loading="lazy" decoding="async" src="slike/gr_sk2m.jpg" border="0" alt="" hspace="3" vspace="1" width="200" height="150" align="right" /></a>U oblasti zapo&scaron;ljavanja, koja je o&#269;ito jedna od najzna&#269;ajnijih,             dobro je da budžet predvidja podsticajne mere kod zapo&scaron;ljavanja osoba             sa invaliditetom, gde &#263;e se i dalje izdvajati zna&#269;ajna sredstva u             iznosu od 402 miliona za refundaciju dohodaka u preduze&#263;ima koja             zapo&scaron;ljavaju osobe sa invaliditetom i preko 300 miliona za njihovo             opremanje i pobolj&scaron;anje uslova rada. </p>
<p> Takodje i u programu obuke ima oko 530 miliona dinara. Posebna             linija &#263;e se otvoriti za prekvalifikaciju i obuku osoba sa invaliditetom.             Ovo je jako zna&#269;ajno, jer pro&scaron;le godine, medju 117 osoba sa invaliditetom             koje su zaposlene preko Nacionalne službe za zapo&scaron;ljavanje, preko             50% njih imalo je samo osnovno obrazovanje ili nedovr&scaron;enu srednju             &scaron;kolu. Od tih 117 samo dve osobe su imale visoko obrazovanje i one             su zaposlene u Beogradu. Zbog toga je neobi&#269;no važno da ovakvi programi             postoje, da bi se ovi ljudi dodatno obu&#269;ili i da bi nau&#269;ili da prave             male biznis planove i da se otvori mogu&#263;nost samozapo&scaron;ljavanja osoba             sa invaliditetom i izlaska na otvoreno trži&scaron;te, jer bi to moralo             biti na&scaron;a tendencija, a ne stalno za&scaron;ti&#263;eni uslovi života i rada.             Stoga zapo&scaron;ljavanje osoba sa invaliditetom ne može da se posmatra             samo kao ekonomska komponenta, nego mora imati i svoj socijalni deo. </p>
<p> Dobro je &scaron;to &#263;e se, barem tako pi&scaron;e, Ministarstvo sporta i mladih             usmeriti na finansiranje posebnih programa za masovni sport i sport             osoba sa invaliditetom ,ali je o&#269;ito, iako invalidnost kao fenomen             mora da se prožima kroz sve oblasti, dru&scaron;tva, pa tako da bude odgovornost             i svih ministarstava, jasno da neka od tih ministarstava predstavljaju             okosnicu ove politike, kao &scaron;to su oblasti prosvete, zapo&scaron;ljavanja,             ekonomije, zdravstva i socijalne politike. </p>
<p> <a href="/en/slike/gr_sk3.jpg/" target="_blank" rel="noopener"><img loading="lazy" decoding="async" src="slike/gr_sk3m.jpg" border="0" alt="" hspace="3" vspace="0" width="200" height="150" align="left" /></a>Stoga, u vezi sa ovim budžetom imam jednu nedoumicu i pitanje za             gospodina ministra, mogu&#263;e da, kao neko ko nema iskustva u ovom poslu,             nisam to dobro uspela da vidim, ali mi je nejasno za&scaron;to su sredstva             u dva budžetska fonda, u Fondu za unapredjenje položaja osoba sa             invaliditetom i u Fondu za finansiranje socijalno-humanitarnih organizacija,             umanjena u odnosu na pro&scaron;lu godinu? Ovo ne bi trebalo da se dogadja             iz vi&scaron;e razloga, jer organizacije koje okupljaju osobe sa invaliditetom             ili roditelje osoba sa invaliditetom ,koje ne mogu sami sebe da zastupaju,             zna&#269;ajni nosioci i inicijatori svih projekata, programa za edukaciju,             za osposobljavanje za zapo&scaron;ljavanje osoba sa invaliditetom. Jedno             istraživanje, koje je upravo u toku, govori da 90% usluga socijalne             za&scaron;tite na lokalnom nivou provode organizacije osoba sa invaliditetom.             Zbog toga je neobi&#269;no važno da one tu svoju ulogu mogu da vr&scaron;e. </p>
<p> Dodatno, važna stvar je &scaron;to su organizacije osoba sa invaliditetom             bile do sada, a i treba da nastave da budu i ubudu&#263;e, zna&#269;ajan partner             Vladi u kreiranju politike koja se ti&#269;e osoba sa invaliditetom. Nema             potreba da pominjem puno dokumenata, ali Zakon o spre&#269;avanju diskriminacije             osoba sa invaliditetom, koji je ova Skup&scaron;tina donela pro&scaron;le godina,             kao i Strategiju za unapredjenje položaja osoba sa invaliditetom,             oba ova dokumenta doneta su uz vrlo aktivno u&#269;e&scaron;&#263;e organizacija osoba             sa invaliditetom. </p>
<p> <a href="/en/slike/gr_sk4.jpg/" target="_blank" rel="noopener"><img loading="lazy" decoding="async" src="slike/gr_sk4m.jpg" border="0" alt="" hspace="3" vspace="1" width="200" height="150" align="right" /></a>Ako se ova sredstva smanje, one ne&#263;e biti dalje u mogu&#263;nosti da             obavljaju svoju funkciju zagovaranja i zastupanja za kategoriju kojom             se bave i time &#263;e se umanjiti njihova uloga kao organizacija civilnog             dru&scaron;tva. To je posebno nelogi&#269;no u trenutku kada su pre &scaron;est meseci             Ujedinjene nacije donele u ovom veku prvu Konvenciju o pravima osoba             sa invaliditetom, u &#269;ijem je dono&scaron;enju Srbija kao država veoma aktivno             u&#269;estvovala i u trenutku kada se Vlada sprema da tu Konvenciju potpi&scaron;e.             Nadamo se da &#263;e ova Skup&scaron;tina naredne godine biti u prilici da razmatra             ratifikovanje ove Konvencije. </p>
<p> Zato molim da se ovim organizacijama i dalje pruži podr&scaron;ka u organizacionom,             kadrovskom i ekonomskom smislu, da bi mogle svoju ulogu i dalje da             vr&scaron;e i da, zajedno sa svim ostalim gradjanima, pokažemo da invalidnost             ne mora da bude teret za dru&scaron;tvo, nego može da bude investicija.             Hvala. </p>
</p></div>

<p>Prvo obra&#263;anje Gordane Rajkov Skup&scaron;tini Srbije 19.06.07. Po&scaron;tovani gospodine potpredsedni&#269;e, uvažene dame i gospodo narodni poslanici, pre svega bih u svom prvom obra&#263;anju ovom uvaženom domu htela da izrazim svoje zadovoljstvo &scaron;to je kona&#269;no jedna osoba sa te&scaron;kim invaliditetom dobila &scaron;ansu da ravnopravno u&#269;estvuje u radu najvi&scaron;eg zakonodavnog tela u državi. Naravno, to ne umanjuje [&hellip;]</p>
