{"id":1162,"date":"2009-07-04T00:00:00","date_gmt":"2009-07-03T22:00:00","guid":{"rendered":"http:\/\/dev.cilsrbija.org\/pakampanja\/"},"modified":"2009-07-04T00:00:00","modified_gmt":"2009-07-03T22:00:00","slug":"pakampanja","status":"publish","type":"page","link":"https:\/\/www.cilsrbija.org\/en\/pakampanja\/","title":{"rendered":"pakampanja"},"content":{"rendered":"<h2><font face=\"georgia,palatino\" size=\"2\">P A kampanja &ndash; zaustavimo razlike<\/font><\/h2>\n<p><font face=\"georgia,palatino\" size=\"2\"><img loading=\"lazy\" decoding=\"async\" src=\"slike\/pakampanja.gif\" alt=\"\" hspace=\"5\" vspace=\"5\" width=\"391\" height=\"568\" \/><\/font><\/p>\n<p><font face=\"georgia,palatino\" size=\"2\">Milioni \u017eive u institucijama, milioni su zavisni od starih roditelja i rodjaka, samo manjina \u017eivi samostalan \u017eivot uz izbor, kontrolu i personalnu asistenciju. Zaustavimo razlike, u&#269;inimo da &#269;lan 19 Konvencije UN o pravima OSI postane realnost. Potpi&scaron;ite peticiju za zakon o personalnoj asistenciji za sve osobe sa invaliditetom. <\/font><\/p>\n<h3><font face=\"georgia,palatino\" size=\"2\">Uvod <\/font><\/h3>\n<p><font face=\"georgia,palatino\" size=\"2\">&#268;lan 19 UN Konvencije o pravima OSI ka\u017ee da vlade moraju da zaustave razlike u nejednakim uslovima, zaustave institucionalizaciju, zaustave stvaranje zavisnosti i obezbede samostalan \u017eivot za osobe sa invaliditetom. <\/font><\/p>\n<p><font face=\"georgia,palatino\" size=\"2\">&#268;lan 19 ka\u017ee da sve osobe sa invaliditetom, ne samo manjina, treba da imaju pristup personalnoj asistenciji kao ljudskom pravu <\/font><\/p>\n<p><font face=\"georgia,palatino\" size=\"2\">&#268;lan 4 UN Konvencije ka\u017ee da sve dr\u017eave potpisnice treba da preduzmu mere da obezbede i promovi&scaron;u puno ostvarenje svih ljudskih prava i osnovnih sloboda za sve osobe sa invaliditetom bez diskriminacije bilo koje vrste&#8230;na kraju se ka\u017ee: <\/font><\/p>\n<p><font face=\"georgia,palatino\" size=\"2\">&lsquo;Dr\u017eave potpisnice preduzimaju mere: da usvoje sve odgovaraju&#263;e zakone, administrativne i druge mere za primenu prava priznatih u Konvenciji&rsquo; <\/font><\/p>\n<p><font face=\"georgia,palatino\" size=\"2\">Samostalan \u017eivot je centralna tema i zahteva puno obezbedjenje po Konvenciji UN o pravima osoba sa invaliditetom. <\/font><\/p>\n<p><font face=\"georgia,palatino\" size=\"2\">Ovo pravo &#263;e postati prestati da bude diskutabilno &scaron;irenjem broja zemalja koje budu ratifikovale Konvenciju. <\/font><\/p>\n<p><font face=\"georgia,palatino\" size=\"2\">&#268;lan 19: &#8222;Samostalan \u017eivot i uklju&#269;enje u zajednicu&#8220; zahteva od vlada da preduzmu aktivnosti i olak&scaron;aju osobama sa invaliditetom &#8222;puno u\u017eivanje&#8220; ovog prava i njihovo &#8222;puno uklju&#269;ivanje i u&#269;e&scaron;&#263;e u zajednici&#8220;. <\/font><\/p>\n<p><font face=\"georgia,palatino\" size=\"2\">Filozofija samostalnog \u017eivota jednostavno govori o &#269;injenici da osobe sa invaliditetom imaju jednaka prava i da njihove slobode izbora i mogu&#263;nosti upravljanja svim aspektima svojih &#263;ivota moraju da budu obezbedjene. Samostalni \u017eivot je koncept koji podr\u017eava nastojanje osoba sa invaliditetom da ostvare jednake mogu&#263;nosti i puno u&#269;e&scaron;&#263;e u dru&scaron;tvu kao jednaki gradjani. Personalna asistencija je za mnoge osobe sa invaliditetom prva najva\u017enija &#8222;pomo&#263;&#8220; u samostalnom \u017eivotu koja omogu&#263;ava slobodu i izlaz iz situacije &lsquo;brige za pojedincima&rsquo;. To je &#269;esto glavni preduslov za razmatranje postojanja jednakih mogu&#263;nosti, samoodredjenja i na kraju samostalnog \u017eivota. <\/font><\/p>\n<p><font face=\"georgia,palatino\" size=\"2\">Personalna asistencija mora da postane pravo i ne sme se dovoditi u pitanje <\/font><\/p>\n<h3><font face=\"georgia,palatino\" size=\"2\">Insistiramo od vlada i Evropskog parlamenta: <\/font><\/h3>\n<ul>\n<li><font face=\"georgia,palatino\" size=\"2\">Delujte odmah: Zaustavite nejednakosti, zaustavite segregaciju! <\/font><\/li>\n<li><font face=\"georgia,palatino\" size=\"2\">Ljudska prava za sve! <\/font><\/li>\n<li><font face=\"georgia,palatino\" size=\"2\">Personalna asistencija za sve! <\/font><\/li>\n<li><font face=\"georgia,palatino\" size=\"2\">U&#269;inite da &#269;lan 19 Konvencije UN postane realnost <\/font><\/li>\n<li><font face=\"georgia,palatino\" size=\"2\">Po&#269;nite konsultacije sa organizacijama koje vode osobe sa invaliditetom koje imaju iskustva u samostalnom \u017eivotu <\/font><\/li>\n<\/ul>\n<h3><font face=\"georgia,palatino\" size=\"2\">Organizacije koje su podr\u017eale ovu kampanju : <\/font><\/h3>\n<ul>\n<li><font face=\"georgia,palatino\" size=\"2\">European Coalition on Community Living <\/font><\/li>\n<li><font face=\"georgia,palatino\" size=\"2\">ULOBA, Norve&scaron;ka <\/font><\/li>\n<li><font face=\"georgia,palatino\" size=\"2\">Independent Living Institute, &Scaron;vedska <\/font><\/li>\n<li><font face=\"georgia,palatino\" size=\"2\">YHD &ndash; Udru\u017eenje za teoriju i kulturu hendikepa, Slovenija <\/font><\/li>\n<li><font face=\"georgia,palatino\" size=\"2\">APEIRONS &ndash; Organizacija OSI i njihovih prijatelja, Letonija <\/font><\/li>\n<li><font face=\"georgia,palatino\" size=\"2\">ZSL Bad Kreuznach, Nema&#269;ka <\/font><\/li>\n<li><font face=\"georgia,palatino\" size=\"2\">Independent Living Forum, &Scaron;panija <\/font><\/li>\n<li><font face=\"georgia,palatino\" size=\"2\">CIL Dublin, Irska <\/font><\/li>\n<li><font face=\"georgia,palatino\" size=\"2\">Vigalicia, &Scaron;panija <\/font><\/li>\n<li><font face=\"georgia,palatino\" size=\"2\">Derechoc Humanos Ya (Human Rights Now), &Scaron;panija <\/font><\/li>\n<\/ul>\n<p><font face=\"georgia,palatino\" size=\"2\"><\/font><\/p>\n<p><font face=\"georgia,palatino\" size=\"2\">Priklju&#269;ite se potpisivanju ove peticije na <\/font><a href=\"http:\/\/www.enil.eu\/enil\/index.php?option=com_content&#038;task=view&#038;id=148&#038;Itemid=86\"><font face=\"georgia,palatino\" size=\"2\">http:\/\/www.enil.eu\/enil\/index.php?option=com_content&#038;task=view&#038;id=148&#038;Itemid=86<\/font><\/a><\/p>","protected":false},"excerpt":{"rendered":"<p>P A kampanja &ndash; zaustavimo razlike Milioni \u017eive u institucijama, milioni su zavisni od starih roditelja i rodjaka, samo manjina \u017eivi samostalan \u017eivot uz izbor, kontrolu i personalnu asistenciju. Zaustavimo razlike, u&#269;inimo da &#269;lan 19 Konvencije UN o pravima OSI postane realnost. Potpi&scaron;ite peticiju za zakon o personalnoj asistenciji za sve osobe sa invaliditetom. Uvod [&hellip;]<\/p>","protected":false},"author":2,"featured_media":0,"parent":0,"menu_order":0,"comment_status":"closed","ping_status":"closed","template":"","meta":{"footnotes":""},"class_list":["post-1162","page","type-page","status-publish","hentry"],"_links":{"self":[{"href":"https:\/\/www.cilsrbija.org\/en\/wp-json\/wp\/v2\/pages\/1162","targetHints":{"allow":["GET"]}}],"collection":[{"href":"https:\/\/www.cilsrbija.org\/en\/wp-json\/wp\/v2\/pages"}],"about":[{"href":"https:\/\/www.cilsrbija.org\/en\/wp-json\/wp\/v2\/types\/page"}],"author":[{"embeddable":true,"href":"https:\/\/www.cilsrbija.org\/en\/wp-json\/wp\/v2\/users\/2"}],"replies":[{"embeddable":true,"href":"https:\/\/www.cilsrbija.org\/en\/wp-json\/wp\/v2\/comments?post=1162"}],"version-history":[{"count":0,"href":"https:\/\/www.cilsrbija.org\/en\/wp-json\/wp\/v2\/pages\/1162\/revisions"}],"wp:attachment":[{"href":"https:\/\/www.cilsrbija.org\/en\/wp-json\/wp\/v2\/media?parent=1162"}],"curies":[{"name":"wp","href":"https:\/\/api.w.org\/{rel}","templated":true}]}}

<h2><font face="georgia,palatino" size="2">P A kampanja &ndash; zaustavimo razlike</font></h2>
<p><font face="georgia,palatino" size="2"><img loading="lazy" decoding="async" src="slike/pakampanja.gif" alt="" hspace="5" vspace="5" width="391" height="568" /></font></p>
<p><font face="georgia,palatino" size="2">Milioni žive u institucijama, milioni su zavisni od starih roditelja i rodjaka, samo manjina živi samostalan život uz izbor, kontrolu i personalnu asistenciju. Zaustavimo razlike, u&#269;inimo da &#269;lan 19 Konvencije UN o pravima OSI postane realnost. Potpi&scaron;ite peticiju za zakon o personalnoj asistenciji za sve osobe sa invaliditetom. </font></p>
<h3><font face="georgia,palatino" size="2">Uvod </font></h3>
<p><font face="georgia,palatino" size="2">&#268;lan 19 UN Konvencije o pravima OSI kaže da vlade moraju da zaustave razlike u nejednakim uslovima, zaustave institucionalizaciju, zaustave stvaranje zavisnosti i obezbede samostalan život za osobe sa invaliditetom. </font></p>
<p><font face="georgia,palatino" size="2">&#268;lan 19 kaže da sve osobe sa invaliditetom, ne samo manjina, treba da imaju pristup personalnoj asistenciji kao ljudskom pravu </font></p>
<p><font face="georgia,palatino" size="2">&#268;lan 4 UN Konvencije kaže da sve države potpisnice treba da preduzmu mere da obezbede i promovi&scaron;u puno ostvarenje svih ljudskih prava i osnovnih sloboda za sve osobe sa invaliditetom bez diskriminacije bilo koje vrste&#8230;na kraju se kaže: </font></p>
<p><font face="georgia,palatino" size="2">&lsquo;Države potpisnice preduzimaju mere: da usvoje sve odgovaraju&#263;e zakone, administrativne i druge mere za primenu prava priznatih u Konvenciji&rsquo; </font></p>
<p><font face="georgia,palatino" size="2">Samostalan život je centralna tema i zahteva puno obezbedjenje po Konvenciji UN o pravima osoba sa invaliditetom. </font></p>
<p><font face="georgia,palatino" size="2">Ovo pravo &#263;e postati prestati da bude diskutabilno &scaron;irenjem broja zemalja koje budu ratifikovale Konvenciju. </font></p>
<p><font face="georgia,palatino" size="2">&#268;lan 19: &#8222;Samostalan život i uklju&#269;enje u zajednicu&#8220; zahteva od vlada da preduzmu aktivnosti i olak&scaron;aju osobama sa invaliditetom &#8222;puno uživanje&#8220; ovog prava i njihovo &#8222;puno uklju&#269;ivanje i u&#269;e&scaron;&#263;e u zajednici&#8220;. </font></p>
<p><font face="georgia,palatino" size="2">Filozofija samostalnog života jednostavno govori o &#269;injenici da osobe sa invaliditetom imaju jednaka prava i da njihove slobode izbora i mogu&#263;nosti upravljanja svim aspektima svojih &#263;ivota moraju da budu obezbedjene. Samostalni život je koncept koji podržava nastojanje osoba sa invaliditetom da ostvare jednake mogu&#263;nosti i puno u&#269;e&scaron;&#263;e u dru&scaron;tvu kao jednaki gradjani. Personalna asistencija je za mnoge osobe sa invaliditetom prva najvažnija &#8222;pomo&#263;&#8220; u samostalnom životu koja omogu&#263;ava slobodu i izlaz iz situacije &lsquo;brige za pojedincima&rsquo;. To je &#269;esto glavni preduslov za razmatranje postojanja jednakih mogu&#263;nosti, samoodredjenja i na kraju samostalnog života. </font></p>
<p><font face="georgia,palatino" size="2">Personalna asistencija mora da postane pravo i ne sme se dovoditi u pitanje </font></p>
<h3><font face="georgia,palatino" size="2">Insistiramo od vlada i Evropskog parlamenta: </font></h3>
<ul>
<li><font face="georgia,palatino" size="2">Delujte odmah: Zaustavite nejednakosti, zaustavite segregaciju! </font></li>
<li><font face="georgia,palatino" size="2">Ljudska prava za sve! </font></li>
<li><font face="georgia,palatino" size="2">Personalna asistencija za sve! </font></li>
<li><font face="georgia,palatino" size="2">U&#269;inite da &#269;lan 19 Konvencije UN postane realnost </font></li>
<li><font face="georgia,palatino" size="2">Po&#269;nite konsultacije sa organizacijama koje vode osobe sa invaliditetom koje imaju iskustva u samostalnom životu </font></li>
</ul>
<h3><font face="georgia,palatino" size="2">Organizacije koje su podržale ovu kampanju : </font></h3>
<ul>
<li><font face="georgia,palatino" size="2">European Coalition on Community Living </font></li>
<li><font face="georgia,palatino" size="2">ULOBA, Norve&scaron;ka </font></li>
<li><font face="georgia,palatino" size="2">Independent Living Institute, &Scaron;vedska </font></li>
<li><font face="georgia,palatino" size="2">YHD &ndash; Udruženje za teoriju i kulturu hendikepa, Slovenija </font></li>
<li><font face="georgia,palatino" size="2">APEIRONS &ndash; Organizacija OSI i njihovih prijatelja, Letonija </font></li>
<li><font face="georgia,palatino" size="2">ZSL Bad Kreuznach, Nema&#269;ka </font></li>
<li><font face="georgia,palatino" size="2">Independent Living Forum, &Scaron;panija </font></li>
<li><font face="georgia,palatino" size="2">CIL Dublin, Irska </font></li>
<li><font face="georgia,palatino" size="2">Vigalicia, &Scaron;panija </font></li>
<li><font face="georgia,palatino" size="2">Derechoc Humanos Ya (Human Rights Now), &Scaron;panija </font></li>
</ul>
<p><font face="georgia,palatino" size="2"></font></p>
<p><font face="georgia,palatino" size="2">Priklju&#269;ite se potpisivanju ove peticije na </font><a href="http://www.enil.eu/enil/index.php?option=com_content&#038;task=view&#038;id=148&#038;Itemid=86"><font face="georgia,palatino" size="2">http://www.enil.eu/enil/index.php?option=com_content&#038;task=view&#038;id=148&#038;Itemid=86</font></a></p>

<p>P A kampanja &ndash; zaustavimo razlike Milioni žive u institucijama, milioni su zavisni od starih roditelja i rodjaka, samo manjina živi samostalan život uz izbor, kontrolu i personalnu asistenciju. Zaustavimo razlike, u&#269;inimo da &#269;lan 19 Konvencije UN o pravima OSI postane realnost. Potpi&scaron;ite peticiju za zakon o personalnoj asistenciji za sve osobe sa invaliditetom. Uvod [&hellip;]</p>
