{"id":1145,"date":"2008-03-21T00:00:00","date_gmt":"2008-03-20T23:00:00","guid":{"rendered":"http:\/\/dev.cilsrbija.org\/opendoor08\/"},"modified":"2008-03-21T00:00:00","modified_gmt":"2008-03-20T23:00:00","slug":"opendoor08","status":"publish","type":"page","link":"https:\/\/www.cilsrbija.org\/en\/opendoor08\/","title":{"rendered":"opendoor08"},"content":{"rendered":"<p><span style=\"font-size: 10pt; font-family: Arial\"><font face=\"georgia,palatino\">Ujedinjene nacije su usvojile rezoluciju kojom se 2. april progla&scaron;ava Svetskim danom podizanja svesti o autizmu.<br \/><\/font><\/span><span style=\"font-size: 10pt; font-family: Arial\"><br \/><font face=\"georgia,palatino\">Nacrt rezolucije ustanovljava ovaj datum i obra&#263;a se svim dr\u017eavama, telima UN, medjunarodnim organizacijama i nevladinim grupama da preduzmu korake u podizanju svesti o autizmu. <\/font><\/span><span style=\"font-size: 10pt; font-family: Arial\"><font face=\"georgia,palatino\">Ka\u017ee se da je autizam &#8222;do\u017eivotni razvojni invaliditet koji se manifestuje tokom prve tri godine \u017eivota i rezultuje se iz neurolo&scaron;kih o&scaron;te&#263;enja koja uti&#269;u na funkcije mozga.&#8220; Uglavnom se javlja kod dece i karakteri&scaron;e se &#8222;te&scaron;ko&#263;ama u socijalnim kontaktima, problemima verbalne i neverbalne komunikacije i ograni&#269;enim, repetitivnim pona&scaron;anjem, interesima i aktivnostima.&#8220; <\/p>\n<p>Nacrtom rezolucije se izra\u017eava zabrinutost u vezi sa &#8222;pojavom i visokom stopom autizma kod dece u svim regionima sveta i posledi&#269;nim razvojnim zahtevima.&#8220;<\/p>\n<p>Podizanjem svesti o autizmu na globalni nivo, da&#263;emo glas milionima dece &scaron;irom sveta koja su pogre&scaron;no dijagnostikovana, neshva&#263;ena, zlostavljana i &#269;ekaju pomo&#263;.<\/font><\/span><\/p>","protected":false},"excerpt":{"rendered":"<p>Ujedinjene nacije su usvojile rezoluciju kojom se 2. april progla&scaron;ava Svetskim danom podizanja svesti o autizmu.Nacrt rezolucije ustanovljava ovaj datum i obra&#263;a se svim dr\u017eavama, telima UN, medjunarodnim organizacijama i nevladinim grupama da preduzmu korake u podizanju svesti o autizmu. Ka\u017ee se da je autizam &#8222;do\u017eivotni razvojni invaliditet koji se manifestuje tokom prve tri godine [&hellip;]<\/p>","protected":false},"author":2,"featured_media":0,"parent":0,"menu_order":0,"comment_status":"closed","ping_status":"closed","template":"","meta":{"footnotes":""},"class_list":["post-1145","page","type-page","status-publish","hentry"],"_links":{"self":[{"href":"https:\/\/www.cilsrbija.org\/en\/wp-json\/wp\/v2\/pages\/1145","targetHints":{"allow":["GET"]}}],"collection":[{"href":"https:\/\/www.cilsrbija.org\/en\/wp-json\/wp\/v2\/pages"}],"about":[{"href":"https:\/\/www.cilsrbija.org\/en\/wp-json\/wp\/v2\/types\/page"}],"author":[{"embeddable":true,"href":"https:\/\/www.cilsrbija.org\/en\/wp-json\/wp\/v2\/users\/2"}],"replies":[{"embeddable":true,"href":"https:\/\/www.cilsrbija.org\/en\/wp-json\/wp\/v2\/comments?post=1145"}],"version-history":[{"count":0,"href":"https:\/\/www.cilsrbija.org\/en\/wp-json\/wp\/v2\/pages\/1145\/revisions"}],"wp:attachment":[{"href":"https:\/\/www.cilsrbija.org\/en\/wp-json\/wp\/v2\/media?parent=1145"}],"curies":[{"name":"wp","href":"https:\/\/api.w.org\/{rel}","templated":true}]}}

<p><span style="font-size: 10pt; font-family: Arial"><font face="georgia,palatino">Ujedinjene nacije su usvojile rezoluciju kojom se 2. april progla&scaron;ava Svetskim danom podizanja svesti o autizmu.<br /></font></span><span style="font-size: 10pt; font-family: Arial"><br /><font face="georgia,palatino">Nacrt rezolucije ustanovljava ovaj datum i obra&#263;a se svim državama, telima UN, medjunarodnim organizacijama i nevladinim grupama da preduzmu korake u podizanju svesti o autizmu. </font></span><span style="font-size: 10pt; font-family: Arial"><font face="georgia,palatino">Kaže se da je autizam &#8222;doživotni razvojni invaliditet koji se manifestuje tokom prve tri godine života i rezultuje se iz neurolo&scaron;kih o&scaron;te&#263;enja koja uti&#269;u na funkcije mozga.&#8220; Uglavnom se javlja kod dece i karakteri&scaron;e se &#8222;te&scaron;ko&#263;ama u socijalnim kontaktima, problemima verbalne i neverbalne komunikacije i ograni&#269;enim, repetitivnim pona&scaron;anjem, interesima i aktivnostima.&#8220; </p>
<p>Nacrtom rezolucije se izražava zabrinutost u vezi sa &#8222;pojavom i visokom stopom autizma kod dece u svim regionima sveta i posledi&#269;nim razvojnim zahtevima.&#8220;</p>
<p>Podizanjem svesti o autizmu na globalni nivo, da&#263;emo glas milionima dece &scaron;irom sveta koja su pogre&scaron;no dijagnostikovana, neshva&#263;ena, zlostavljana i &#269;ekaju pomo&#263;.</font></span></p>

<p>Ujedinjene nacije su usvojile rezoluciju kojom se 2. april progla&scaron;ava Svetskim danom podizanja svesti o autizmu.Nacrt rezolucije ustanovljava ovaj datum i obra&#263;a se svim državama, telima UN, medjunarodnim organizacijama i nevladinim grupama da preduzmu korake u podizanju svesti o autizmu. Kaže se da je autizam &#8222;doživotni razvojni invaliditet koji se manifestuje tokom prve tri godine [&hellip;]</p>
