{"id":1137,"date":"2007-12-03T00:00:00","date_gmt":"2007-12-02T23:00:00","guid":{"rendered":"http:\/\/dev.cilsrbija.org\/nis_aktivnosti\/"},"modified":"2007-12-03T00:00:00","modified_gmt":"2007-12-02T23:00:00","slug":"nis_aktivnosti","status":"publish","type":"page","link":"https:\/\/www.cilsrbija.org\/en\/nis_aktivnosti\/","title":{"rendered":"nis_aktivnosti"},"content":{"rendered":"<p><font face=\"georgia,palatino\" size=\"2\">Aktivnosti Podru\u017enice Centra za samostalni \u017eivot invalida Ni&scaron; povodom Me&#273;unarodnog dana invalida <\/font><\/p>\n<ul>\n<li><font face=\"georgia,palatino\" size=\"2\">Aktivnosti podmladjene podru&scaron;nice Centra u Ni&scaron;u su zapo&#269;ele<br \/>u sredu 28.11.2007. potpisivanjem MEMORANDUMA &ndash; Sporazuma o kori&scaron;&#263;enju kombi vozila prilago&#273;enog za OSI, koji se daruje kroz projekat &#8222;Umetnost davanja&#8220; &#269;iji je nosioc ,,Resurs Centar&rsquo;&rsquo; Ni&scaron;, a donator Filip Moris Ni&scaron;.<\/font><\/li>\n<li><font face=\"georgia,palatino\" size=\"2\">U petak 30.12.2007. god. u 11 h prisustvovali smo press konferencija u Media centru Ni&scaron;, kao podr&scaron;ka Dru&scaron;tvu za pomo&#263; MNRO &ndash; Ni&scaron;, na temu ,,Za&scaron;to dati ve&#263;u podr&scaron;ku kopiji kad imamo original?&rsquo;&rsquo; Izme&#273;u ostalog izneti su stavovi o neophodnosti servisa podr&scaron;ke i filozofije samostalnog \u017eivota OSI. <\/font><\/li>\n<li><font face=\"georgia,palatino\" size=\"2\">U nedelju 02.12.2007. u&#269;estvovali smo na tribini ,,NEMA RAZLIKE&rsquo;&rsquo;. Tribinu je vodio Predsednik GO Palilula sa saradnicima i sa aktivnim uklju&#269;enjem svih prisutnih predstavnika OOSI. Ve&#263;ina nas je uglavnom dala konkretne predloge i sugestije, gde se opet, izme&#273;u ostalog, pri&#269;a svela na to da nam je neophodna slu\u017eba podr&scaron;ke i da pod hitno treba izraditi ,,Lokalni plan akcije iz oblasti invalidnosti&rsquo;, &scaron;to je i na samom po&#269;etku bio konkretan predlog predstavnika podruznice.<\/font><\/li>\n<li><font face=\"georgia,palatino\" size=\"2\">U periodu od 4-9. decembra Evropskoj ku&#263;i u Ni&scaron;u &#263;e biti postavljena izlo\u017eba ru&#269;nih radova, fotografija, slika&#8230; raznih umotvorina, &#269;lanova svih OOSI, kao i razne priredbe. Na&scaron;a organizacija i ovom prilikom uzima aktivno u&#269;e&scaron;&#263;e time &scaron;to &#263;e odabrati i pripremiti fotografije, koje su snimile OSI.<\/font><\/li>\n<li><font face=\"georgia,palatino\" size=\"2\">Dobili smo ponudu da 13. i 14. decembra gostujemo u dve polu&#269;asovne emisije na NTV.\n<p>Podru\u017enica Ni&scaron; je ve&#263; prihva&#263;ena u lokalnoj zajednici, a dokaz je potpisivanje gore pomenutog Memoranduma (za koje u po&#269;etku pojedine organizacije nisu htele ni da &#269;uju). Redovno nas pozivaju na radne sastanke Komisije za rad sa OOSI, na prvom slede&#263;em sastanku zna&#263;emo da li smo ravnopravni &#269;lan te Komisije sa pravom glasanja, jer za sada imamo samo pravo na diskusiju i predloge (uputili smo zvani&#269;ni dopis i &#269;ekamo odgovor tj. re&scaron;enje). Razne organizacije su nam se obra&#263;ale za pisma podr&scaron;ke, &scaron;to smo im mi rado dali, tra\u017eili su na&scaron;e u&#269;e&scaron;&#263;e kao ravnopravnih partnera za projekte &scaron;to mi na na&scaron;u \u017ealost nismo mogli da odradimo, jer tek 04. decembra sti\u017ee re&scaron;enje o registraciji Podru\u017enice, ali krupnim koracima grabimo napred. <br \/><\/font><\/li>\n<\/ul>","protected":false},"excerpt":{"rendered":"<p>Aktivnosti Podru\u017enice Centra za samostalni \u017eivot invalida Ni&scaron; povodom Me&#273;unarodnog dana invalida Aktivnosti podmladjene podru&scaron;nice Centra u Ni&scaron;u su zapo&#269;eleu sredu 28.11.2007. potpisivanjem MEMORANDUMA &ndash; Sporazuma o kori&scaron;&#263;enju kombi vozila prilago&#273;enog za OSI, koji se daruje kroz projekat &#8222;Umetnost davanja&#8220; &#269;iji je nosioc ,,Resurs Centar&rsquo;&rsquo; Ni&scaron;, a donator Filip Moris Ni&scaron;. U petak 30.12.2007. god. [&hellip;]<\/p>","protected":false},"author":2,"featured_media":0,"parent":0,"menu_order":0,"comment_status":"closed","ping_status":"closed","template":"","meta":{"footnotes":""},"class_list":["post-1137","page","type-page","status-publish","hentry"],"_links":{"self":[{"href":"https:\/\/www.cilsrbija.org\/en\/wp-json\/wp\/v2\/pages\/1137","targetHints":{"allow":["GET"]}}],"collection":[{"href":"https:\/\/www.cilsrbija.org\/en\/wp-json\/wp\/v2\/pages"}],"about":[{"href":"https:\/\/www.cilsrbija.org\/en\/wp-json\/wp\/v2\/types\/page"}],"author":[{"embeddable":true,"href":"https:\/\/www.cilsrbija.org\/en\/wp-json\/wp\/v2\/users\/2"}],"replies":[{"embeddable":true,"href":"https:\/\/www.cilsrbija.org\/en\/wp-json\/wp\/v2\/comments?post=1137"}],"version-history":[{"count":0,"href":"https:\/\/www.cilsrbija.org\/en\/wp-json\/wp\/v2\/pages\/1137\/revisions"}],"wp:attachment":[{"href":"https:\/\/www.cilsrbija.org\/en\/wp-json\/wp\/v2\/media?parent=1137"}],"curies":[{"name":"wp","href":"https:\/\/api.w.org\/{rel}","templated":true}]}}

<p><font face="georgia,palatino" size="2">Aktivnosti Podružnice Centra za samostalni život invalida Ni&scaron; povodom Me&#273;unarodnog dana invalida </font></p>
<ul>
<li><font face="georgia,palatino" size="2">Aktivnosti podmladjene podru&scaron;nice Centra u Ni&scaron;u su zapo&#269;ele<br />u sredu 28.11.2007. potpisivanjem MEMORANDUMA &ndash; Sporazuma o kori&scaron;&#263;enju kombi vozila prilago&#273;enog za OSI, koji se daruje kroz projekat &#8222;Umetnost davanja&#8220; &#269;iji je nosioc ,,Resurs Centar&rsquo;&rsquo; Ni&scaron;, a donator Filip Moris Ni&scaron;.</font></li>
<li><font face="georgia,palatino" size="2">U petak 30.12.2007. god. u 11 h prisustvovali smo press konferencija u Media centru Ni&scaron;, kao podr&scaron;ka Dru&scaron;tvu za pomo&#263; MNRO &ndash; Ni&scaron;, na temu ,,Za&scaron;to dati ve&#263;u podr&scaron;ku kopiji kad imamo original?&rsquo;&rsquo; Izme&#273;u ostalog izneti su stavovi o neophodnosti servisa podr&scaron;ke i filozofije samostalnog života OSI. </font></li>
<li><font face="georgia,palatino" size="2">U nedelju 02.12.2007. u&#269;estvovali smo na tribini ,,NEMA RAZLIKE&rsquo;&rsquo;. Tribinu je vodio Predsednik GO Palilula sa saradnicima i sa aktivnim uklju&#269;enjem svih prisutnih predstavnika OOSI. Ve&#263;ina nas je uglavnom dala konkretne predloge i sugestije, gde se opet, izme&#273;u ostalog, pri&#269;a svela na to da nam je neophodna služba podr&scaron;ke i da pod hitno treba izraditi ,,Lokalni plan akcije iz oblasti invalidnosti&rsquo;, &scaron;to je i na samom po&#269;etku bio konkretan predlog predstavnika podruznice.</font></li>
<li><font face="georgia,palatino" size="2">U periodu od 4-9. decembra Evropskoj ku&#263;i u Ni&scaron;u &#263;e biti postavljena izložba ru&#269;nih radova, fotografija, slika&#8230; raznih umotvorina, &#269;lanova svih OOSI, kao i razne priredbe. Na&scaron;a organizacija i ovom prilikom uzima aktivno u&#269;e&scaron;&#263;e time &scaron;to &#263;e odabrati i pripremiti fotografije, koje su snimile OSI.</font></li>
<li><font face="georgia,palatino" size="2">Dobili smo ponudu da 13. i 14. decembra gostujemo u dve polu&#269;asovne emisije na NTV.
<p>Podružnica Ni&scaron; je ve&#263; prihva&#263;ena u lokalnoj zajednici, a dokaz je potpisivanje gore pomenutog Memoranduma (za koje u po&#269;etku pojedine organizacije nisu htele ni da &#269;uju). Redovno nas pozivaju na radne sastanke Komisije za rad sa OOSI, na prvom slede&#263;em sastanku zna&#263;emo da li smo ravnopravni &#269;lan te Komisije sa pravom glasanja, jer za sada imamo samo pravo na diskusiju i predloge (uputili smo zvani&#269;ni dopis i &#269;ekamo odgovor tj. re&scaron;enje). Razne organizacije su nam se obra&#263;ale za pisma podr&scaron;ke, &scaron;to smo im mi rado dali, tražili su na&scaron;e u&#269;e&scaron;&#263;e kao ravnopravnih partnera za projekte &scaron;to mi na na&scaron;u žalost nismo mogli da odradimo, jer tek 04. decembra stiže re&scaron;enje o registraciji Podružnice, ali krupnim koracima grabimo napred. <br /></font></li>
</ul>

<p>Aktivnosti Podružnice Centra za samostalni život invalida Ni&scaron; povodom Me&#273;unarodnog dana invalida Aktivnosti podmladjene podru&scaron;nice Centra u Ni&scaron;u su zapo&#269;eleu sredu 28.11.2007. potpisivanjem MEMORANDUMA &ndash; Sporazuma o kori&scaron;&#263;enju kombi vozila prilago&#273;enog za OSI, koji se daruje kroz projekat &#8222;Umetnost davanja&#8220; &#269;iji je nosioc ,,Resurs Centar&rsquo;&rsquo; Ni&scaron;, a donator Filip Moris Ni&scaron;. U petak 30.12.2007. god. [&hellip;]</p>
