{"id":1099,"date":"2006-07-06T00:00:00","date_gmt":"2006-07-05T22:00:00","guid":{"rendered":"http:\/\/dev.cilsrbija.org\/grafiti2\/"},"modified":"2006-07-06T00:00:00","modified_gmt":"2006-07-05T22:00:00","slug":"grafiti2","status":"publish","type":"page","link":"https:\/\/www.cilsrbija.org\/en\/grafiti2\/","title":{"rendered":"grafiti2"},"content":{"rendered":"<div class=\"style15\">\n<h2> Grafiti <\/h2>\n<h3><i>Jo\u0161 deset stvari koje nikad ne treba reci osobi sa invaliditetom<\/i><\/h3>\n<ol class=\"style15\">\n<li><span style=\"FONT-WEIGHT: bold\"><b>&#8222;Ti svakako zaslu\u017euje\u0161 socijalne usluge.&#8220;<\/b><\/span>\n   <\/li>\n<li><span style=\"FONT-WEIGHT: bold\"><b>&#8222;Reci ce\u0161 mi ako ka\u017eem ne\u0161to pogre\u0161no, zar ne?&#8220;<\/b><\/span>\n   <\/li>\n<li><span style=\"FONT-WEIGHT: bold\"><b>&#8222;Mogu li ti pomoci mladicu\/devojko?&#8220;<\/b><\/span>\n   <\/li>\n<li><span style=\"FONT-WEIGHT: bold\"><b>&#8222;Znaci, ide\u0161 u \u0161kolu? Zbog rehabilitacije?&#8220;<\/b><\/span>\n   <\/li>\n<li><span style=\"FONT-WEIGHT: bold\"><b>&#8222;TV mora da ti je mnogo znacajan u \u017eivotu.&#8220;<\/b><\/span>\n   <\/li>\n<li><span style=\"FONT-WEIGHT: bold\"><b>&#8222;Znam kako je to, i sam\/a sam jednom i\u0161ca\u0161io\/la prst.&#8220;<\/b><\/span>\n   <\/li>\n<li><span style=\"FONT-WEIGHT: bold\"><b>&#8222;Danas jo\u0161 i mo\u017eete ocekivati dobar tretman, zar ne?&#8220;<\/b><\/span>\n   <\/li>\n<li><span style=\"FONT-WEIGHT: bold\"><b>&#8222;Da li su i ostali u va\u0161oj porodici osobe sa invaliditetom?&#8220;<\/b><\/span>\n   <\/li>\n<li><span style=\"FONT-WEIGHT: bold\"><b>&#8222;Mora da ti je inspiracija neki dobar sportista invalid.&#8220;<\/b><\/span>\n   <\/li>\n<li><span style=\"FONT-WEIGHT: bold\"><b>&#8222;Molicu se za tebe &#8230;&#8220;<\/b><\/span>\n   <\/li>\n<\/ol>\n<\/div>","protected":false},"excerpt":{"rendered":"<p>Grafiti Jo\u0161 deset stvari koje nikad ne treba reci osobi sa invaliditetom &#8222;Ti svakako zaslu\u017euje\u0161 socijalne usluge.&#8220; &#8222;Reci ce\u0161 mi ako ka\u017eem ne\u0161to pogre\u0161no, zar ne?&#8220; &#8222;Mogu li ti pomoci mladicu\/devojko?&#8220; &#8222;Znaci, ide\u0161 u \u0161kolu? Zbog rehabilitacije?&#8220; &#8222;TV mora da ti je mnogo znacajan u \u017eivotu.&#8220; &#8222;Znam kako je to, i sam\/a sam jednom i\u0161ca\u0161io\/la [&hellip;]<\/p>","protected":false},"author":2,"featured_media":0,"parent":0,"menu_order":0,"comment_status":"closed","ping_status":"closed","template":"","meta":{"footnotes":""},"class_list":["post-1099","page","type-page","status-publish","hentry"],"_links":{"self":[{"href":"https:\/\/www.cilsrbija.org\/en\/wp-json\/wp\/v2\/pages\/1099","targetHints":{"allow":["GET"]}}],"collection":[{"href":"https:\/\/www.cilsrbija.org\/en\/wp-json\/wp\/v2\/pages"}],"about":[{"href":"https:\/\/www.cilsrbija.org\/en\/wp-json\/wp\/v2\/types\/page"}],"author":[{"embeddable":true,"href":"https:\/\/www.cilsrbija.org\/en\/wp-json\/wp\/v2\/users\/2"}],"replies":[{"embeddable":true,"href":"https:\/\/www.cilsrbija.org\/en\/wp-json\/wp\/v2\/comments?post=1099"}],"version-history":[{"count":0,"href":"https:\/\/www.cilsrbija.org\/en\/wp-json\/wp\/v2\/pages\/1099\/revisions"}],"wp:attachment":[{"href":"https:\/\/www.cilsrbija.org\/en\/wp-json\/wp\/v2\/media?parent=1099"}],"curies":[{"name":"wp","href":"https:\/\/api.w.org\/{rel}","templated":true}]}}

<div class="style15">
<h2> Grafiti </h2>
<h3><i>Još deset stvari koje nikad ne treba reci osobi sa invaliditetom</i></h3>
<ol class="style15">
<li><span style="FONT-WEIGHT: bold"><b>&#8222;Ti svakako zaslužuješ socijalne usluge.&#8220;</b></span>
   </li>
<li><span style="FONT-WEIGHT: bold"><b>&#8222;Reci ceš mi ako kažem nešto pogrešno, zar ne?&#8220;</b></span>
   </li>
<li><span style="FONT-WEIGHT: bold"><b>&#8222;Mogu li ti pomoci mladicu/devojko?&#8220;</b></span>
   </li>
<li><span style="FONT-WEIGHT: bold"><b>&#8222;Znaci, ideš u školu? Zbog rehabilitacije?&#8220;</b></span>
   </li>
<li><span style="FONT-WEIGHT: bold"><b>&#8222;TV mora da ti je mnogo znacajan u životu.&#8220;</b></span>
   </li>
<li><span style="FONT-WEIGHT: bold"><b>&#8222;Znam kako je to, i sam/a sam jednom išcašio/la prst.&#8220;</b></span>
   </li>
<li><span style="FONT-WEIGHT: bold"><b>&#8222;Danas još i možete ocekivati dobar tretman, zar ne?&#8220;</b></span>
   </li>
<li><span style="FONT-WEIGHT: bold"><b>&#8222;Da li su i ostali u vašoj porodici osobe sa invaliditetom?&#8220;</b></span>
   </li>
<li><span style="FONT-WEIGHT: bold"><b>&#8222;Mora da ti je inspiracija neki dobar sportista invalid.&#8220;</b></span>
   </li>
<li><span style="FONT-WEIGHT: bold"><b>&#8222;Molicu se za tebe &#8230;&#8220;</b></span>
   </li>
</ol>
</div>

<p>Grafiti Još deset stvari koje nikad ne treba reci osobi sa invaliditetom &#8222;Ti svakako zaslužuješ socijalne usluge.&#8220; &#8222;Reci ceš mi ako kažem nešto pogrešno, zar ne?&#8220; &#8222;Mogu li ti pomoci mladicu/devojko?&#8220; &#8222;Znaci, ideš u školu? Zbog rehabilitacije?&#8220; &#8222;TV mora da ti je mnogo znacajan u životu.&#8220; &#8222;Znam kako je to, i sam/a sam jednom išcašio/la [&hellip;]</p>
