{"id":1238,"date":"2018-09-06T00:00:00","date_gmt":"2018-09-05T22:00:00","guid":{"rendered":"http:\/\/dev.cilsrbija.org\/nbm_osi_2018\/"},"modified":"2018-09-06T00:00:00","modified_gmt":"2018-09-05T22:00:00","slug":"nbm_osi_2018","status":"publish","type":"page","link":"http:\/\/www.cilsrbija.org\/en\/nbm_osi_2018\/","title":{"rendered":"nbm_osi_2018"},"content":{"rendered":"<h2>Nezavisna Balkanska mre\u017ea organizacija OSI <\/h2>\n<p>Ovo je projekat koji se obnavlja iz godine u godinu, te je i u 2017. godini imao aktivnosti koje su se odnosile na konsolidaciju same unutra&scaron;nje strukture Mre\u017ee, objavljivanju Biltena koji je sadr\u017eao informacije iz svih zemalja koje u projektu u&#269;estvuju (Bosna i Hercegovina, Crna Gora, Makedonije i Srbija), odr\u017eavanju sastanaka rukovodstva mre\u017ee koji su planirani tako da u svakoj od dr\u017eava koje u&#269;estvuju bude odr\u017ean po jedan sastanak. <\/p>\n<p>Projekat se nastavlja i u 2018. godini <\/p>","protected":false},"excerpt":{"rendered":"<p>Nezavisna Balkanska mre\u017ea organizacija OSI Ovo je projekat koji se obnavlja iz godine u godinu, te je i u 2017. godini imao aktivnosti koje su se odnosile na konsolidaciju same unutra&scaron;nje strukture Mre\u017ee, objavljivanju Biltena koji je sadr\u017eao informacije iz svih zemalja koje u projektu u&#269;estvuju (Bosna i Hercegovina, Crna Gora, Makedonije i Srbija), odr\u017eavanju [&hellip;]<\/p>","protected":false},"author":2,"featured_media":0,"parent":0,"menu_order":0,"comment_status":"closed","ping_status":"closed","template":"","meta":{"footnotes":""},"class_list":["post-1238","page","type-page","status-publish","hentry"],"_links":{"self":[{"href":"http:\/\/www.cilsrbija.org\/en\/wp-json\/wp\/v2\/pages\/1238","targetHints":{"allow":["GET"]}}],"collection":[{"href":"http:\/\/www.cilsrbija.org\/en\/wp-json\/wp\/v2\/pages"}],"about":[{"href":"http:\/\/www.cilsrbija.org\/en\/wp-json\/wp\/v2\/types\/page"}],"author":[{"embeddable":true,"href":"http:\/\/www.cilsrbija.org\/en\/wp-json\/wp\/v2\/users\/2"}],"replies":[{"embeddable":true,"href":"http:\/\/www.cilsrbija.org\/en\/wp-json\/wp\/v2\/comments?post=1238"}],"version-history":[{"count":0,"href":"http:\/\/www.cilsrbija.org\/en\/wp-json\/wp\/v2\/pages\/1238\/revisions"}],"wp:attachment":[{"href":"http:\/\/www.cilsrbija.org\/en\/wp-json\/wp\/v2\/media?parent=1238"}],"curies":[{"name":"wp","href":"https:\/\/api.w.org\/{rel}","templated":true}]}}

<h2>Nezavisna Balkanska mreža organizacija OSI </h2>
<p>Ovo je projekat koji se obnavlja iz godine u godinu, te je i u 2017. godini imao aktivnosti koje su se odnosile na konsolidaciju same unutra&scaron;nje strukture Mreže, objavljivanju Biltena koji je sadržao informacije iz svih zemalja koje u projektu u&#269;estvuju (Bosna i Hercegovina, Crna Gora, Makedonije i Srbija), održavanju sastanaka rukovodstva mreže koji su planirani tako da u svakoj od država koje u&#269;estvuju bude održan po jedan sastanak. </p>
<p>Projekat se nastavlja i u 2018. godini </p>

<p>Nezavisna Balkanska mreža organizacija OSI Ovo je projekat koji se obnavlja iz godine u godinu, te je i u 2017. godini imao aktivnosti koje su se odnosile na konsolidaciju same unutra&scaron;nje strukture Mreže, objavljivanju Biltena koji je sadržao informacije iz svih zemalja koje u projektu u&#269;estvuju (Bosna i Hercegovina, Crna Gora, Makedonije i Srbija), održavanju [&hellip;]</p>
