{"id":1108,"date":"2006-10-26T00:00:00","date_gmt":"2006-10-25T22:00:00","guid":{"rendered":"http:\/\/dev.cilsrbija.org\/grafiti7\/"},"modified":"2006-10-26T00:00:00","modified_gmt":"2006-10-25T22:00:00","slug":"grafiti7","status":"publish","type":"page","link":"http:\/\/www.cilsrbija.org\/en\/grafiti7\/","title":{"rendered":"grafiti7"},"content":{"rendered":"<p><strong><span style=\"font-size: 10pt; font-family: Verdana\">Razlozi zbog kojih biti veseo iako si osoba sa invaliditetom<\/span><\/strong><\/p>\n<p><strong><span style=\"font-size: 10pt; font-family: Verdana\"><\/span><\/strong><\/p>\n<p><strong><span style=\"font-size: 10pt; font-family: Verdana\"><\/span><\/strong><strong><span style=\"font-size: 10pt; font-family: Verdana\">&nbsp;<\/span><\/strong><span style=\"font-size: 10pt; font-family: Verdana\">Dobi&#263;ete besplatan parking prostor jer &#263;e se kontrolor sa\u017ealiti na vas.<\/span><span style=\"font-size: 10pt; font-family: Verdana\">&nbsp;<\/span><\/p>\n<p><span style=\"font-size: 10pt; font-family: Verdana\"><\/span><span style=\"font-size: 10pt; font-family: Verdana\">Niko od vas ne o&#269;ekuje da budete pametni.<\/span><span style=\"font-size: 10pt; font-family: Verdana\">&nbsp;<\/span><\/p>\n<p><span style=\"font-size: 10pt; font-family: Verdana\"><\/span><span style=\"font-size: 10pt; font-family: Verdana\">Ukoliko ne \u017eelite da idete u neku posetu, samo ka\u017eite:&#8220;\u017dao mi je, ali ne mogu da koristim nijedno prevozno sredstvo&#8220;.<\/span><span style=\"font-size: 10pt; font-family: Verdana\">&nbsp;<\/span><\/p>\n<p><span style=\"font-size: 10pt; font-family: Verdana\"><\/span><span style=\"font-size: 10pt; font-family: Verdana\">Mo\u017eete da nosite otka&#269;enu ode&#263;u i ljudi &#263;e vam ipak re&#263;i da lepo izgledate.<\/span><span style=\"font-size: 10pt; font-family: Verdana\">&nbsp;<\/span><\/p>\n<p><span style=\"font-size: 10pt; font-family: Verdana\"><\/span><span style=\"font-size: 10pt; font-family: Verdana\">Ako koristite kolica, mo\u017eete i namerno zgaziti nekog ko vam nije po volji &ndash; a on &#263;e se ose&#263;ati obaveznim da vam uputi izvinjenje!<\/span><span style=\"font-size: 10pt; font-family: Verdana\">&nbsp;<\/span><span style=\"font-size: 10pt; font-family: Verdana\">Socijalni radnici &#263;e mo\u017eda odustati od va&scaron;eg slu&#269;aja, po&scaron;to vas ionako smatraju izgubljenim slu&#269;ajem.<\/span><span style=\"font-size: 10pt; font-family: Verdana\">&nbsp;<\/span><\/p>\n<p><span style=\"font-size: 10pt; font-family: Verdana\"><\/span><span style=\"font-size: 10pt; font-family: Verdana\">Mo\u017eete da prospete hranu u restoranu i svi &#263;e to ignorisati, po&scaron;to to i o&#269;ekuju od vas.<\/span><span style=\"font-size: 10pt; font-family: Verdana\">&nbsp;<\/span><\/p>\n<p><span style=\"font-size: 10pt; font-family: Verdana\"><\/span><span style=\"font-size: 10pt; font-family: Verdana\">Ne morate da platite pi&#263;e, jer svi misle ste siroma&scaron;ni.<\/span><span style=\"font-size: 10pt; font-family: Verdana\">&nbsp;<\/span><\/p>\n<p><span style=\"font-size: 10pt; font-family: Verdana\"><\/span><span style=\"font-size: 10pt; font-family: Verdana\">Mo\u017eete voditi ljubav kad god ho&#263;ete, jer svi misle da to ne mo\u017eete da radite ni u kom slu&#269;aju!<\/span><span style=\"font-size: 10pt\"><font face=\"Times New Roman\">&nbsp;<\/font><\/span><\/p>","protected":false},"excerpt":{"rendered":"<p>Razlozi zbog kojih biti veseo iako si osoba sa invaliditetom &nbsp;Dobi&#263;ete besplatan parking prostor jer &#263;e se kontrolor sa\u017ealiti na vas.&nbsp; Niko od vas ne o&#269;ekuje da budete pametni.&nbsp; Ukoliko ne \u017eelite da idete u neku posetu, samo ka\u017eite:&#8220;\u017dao mi je, ali ne mogu da koristim nijedno prevozno sredstvo&#8220;.&nbsp; Mo\u017eete da nosite otka&#269;enu ode&#263;u i [&hellip;]<\/p>","protected":false},"author":2,"featured_media":0,"parent":0,"menu_order":0,"comment_status":"closed","ping_status":"closed","template":"","meta":{"footnotes":""},"class_list":["post-1108","page","type-page","status-publish","hentry"],"_links":{"self":[{"href":"http:\/\/www.cilsrbija.org\/en\/wp-json\/wp\/v2\/pages\/1108","targetHints":{"allow":["GET"]}}],"collection":[{"href":"http:\/\/www.cilsrbija.org\/en\/wp-json\/wp\/v2\/pages"}],"about":[{"href":"http:\/\/www.cilsrbija.org\/en\/wp-json\/wp\/v2\/types\/page"}],"author":[{"embeddable":true,"href":"http:\/\/www.cilsrbija.org\/en\/wp-json\/wp\/v2\/users\/2"}],"replies":[{"embeddable":true,"href":"http:\/\/www.cilsrbija.org\/en\/wp-json\/wp\/v2\/comments?post=1108"}],"version-history":[{"count":0,"href":"http:\/\/www.cilsrbija.org\/en\/wp-json\/wp\/v2\/pages\/1108\/revisions"}],"wp:attachment":[{"href":"http:\/\/www.cilsrbija.org\/en\/wp-json\/wp\/v2\/media?parent=1108"}],"curies":[{"name":"wp","href":"https:\/\/api.w.org\/{rel}","templated":true}]}}

<p><strong><span style="font-size: 10pt; font-family: Verdana">Razlozi zbog kojih biti veseo iako si osoba sa invaliditetom</span></strong></p>
<p><strong><span style="font-size: 10pt; font-family: Verdana"></span></strong></p>
<p><strong><span style="font-size: 10pt; font-family: Verdana"></span></strong><strong><span style="font-size: 10pt; font-family: Verdana">&nbsp;</span></strong><span style="font-size: 10pt; font-family: Verdana">Dobi&#263;ete besplatan parking prostor jer &#263;e se kontrolor sažaliti na vas.</span><span style="font-size: 10pt; font-family: Verdana">&nbsp;</span></p>
<p><span style="font-size: 10pt; font-family: Verdana"></span><span style="font-size: 10pt; font-family: Verdana">Niko od vas ne o&#269;ekuje da budete pametni.</span><span style="font-size: 10pt; font-family: Verdana">&nbsp;</span></p>
<p><span style="font-size: 10pt; font-family: Verdana"></span><span style="font-size: 10pt; font-family: Verdana">Ukoliko ne želite da idete u neku posetu, samo kažite:&#8220;Žao mi je, ali ne mogu da koristim nijedno prevozno sredstvo&#8220;.</span><span style="font-size: 10pt; font-family: Verdana">&nbsp;</span></p>
<p><span style="font-size: 10pt; font-family: Verdana"></span><span style="font-size: 10pt; font-family: Verdana">Možete da nosite otka&#269;enu ode&#263;u i ljudi &#263;e vam ipak re&#263;i da lepo izgledate.</span><span style="font-size: 10pt; font-family: Verdana">&nbsp;</span></p>
<p><span style="font-size: 10pt; font-family: Verdana"></span><span style="font-size: 10pt; font-family: Verdana">Ako koristite kolica, možete i namerno zgaziti nekog ko vam nije po volji &ndash; a on &#263;e se ose&#263;ati obaveznim da vam uputi izvinjenje!</span><span style="font-size: 10pt; font-family: Verdana">&nbsp;</span><span style="font-size: 10pt; font-family: Verdana">Socijalni radnici &#263;e možda odustati od va&scaron;eg slu&#269;aja, po&scaron;to vas ionako smatraju izgubljenim slu&#269;ajem.</span><span style="font-size: 10pt; font-family: Verdana">&nbsp;</span></p>
<p><span style="font-size: 10pt; font-family: Verdana"></span><span style="font-size: 10pt; font-family: Verdana">Možete da prospete hranu u restoranu i svi &#263;e to ignorisati, po&scaron;to to i o&#269;ekuju od vas.</span><span style="font-size: 10pt; font-family: Verdana">&nbsp;</span></p>
<p><span style="font-size: 10pt; font-family: Verdana"></span><span style="font-size: 10pt; font-family: Verdana">Ne morate da platite pi&#263;e, jer svi misle ste siroma&scaron;ni.</span><span style="font-size: 10pt; font-family: Verdana">&nbsp;</span></p>
<p><span style="font-size: 10pt; font-family: Verdana"></span><span style="font-size: 10pt; font-family: Verdana">Možete voditi ljubav kad god ho&#263;ete, jer svi misle da to ne možete da radite ni u kom slu&#269;aju!</span><span style="font-size: 10pt"><font face="Times New Roman">&nbsp;</font></span></p>

<p>Razlozi zbog kojih biti veseo iako si osoba sa invaliditetom &nbsp;Dobi&#263;ete besplatan parking prostor jer &#263;e se kontrolor sažaliti na vas.&nbsp; Niko od vas ne o&#269;ekuje da budete pametni.&nbsp; Ukoliko ne želite da idete u neku posetu, samo kažite:&#8220;Žao mi je, ali ne mogu da koristim nijedno prevozno sredstvo&#8220;.&nbsp; Možete da nosite otka&#269;enu ode&#263;u i [&hellip;]</p>
